y q(g)?
4
Suppose -153 = -3*f - d, f + 5 - 56 = -2*d. What is the remainder when f is divided by 26?
25
Suppose -6*u - 12 = -o - 2*u, 4*o = -u + 14. Let f(c) = -c**2 + 7*c - 2. Calculate the remainder when (12/15)/((-2)/(-45)) is divided by f(o).
8
Let r = 86 - 31. What is the remainder when r is divided by 28?
27
Let u = 47 + -27. Suppose -78 = -10*s + 8*s. What is the remainder when s is divided by u?
19
Suppose 0*g + 4*j = -5*g + 103, 17 = g + 2*j. Calculate the remainder when g is divided by 6.
5
Let c(g) = -2*g**3 + 3*g**2 - 3*g + 3. What is the remainder when c(-3) is divided by 24?
21
Let m(t) be the first derivative of t**3/3 - t**2/2 + 4*t + 1. Let y = -79 - -108. What is the remainder when y is divided by m(3)?
9
Let i(x) = x + 29. What is the remainder when 67 is divided by i(-15)?
11
What is the remainder when (372/18)/((-4)/(-6)) is divided by 11?
9
Let u be (-37)/(((-21)/12)/7). Suppose -2*d = 2*d - u. What is the remainder when d is divided by 19?
18
Let m = 9 + -6. Calculate the remainder when 4 is divided by m - (3 + (0 - 3)).
1
Suppose -4*v = 5*t - 15, v - 1 = 3*t - 27. What is the remainder when 18*(11/10 - (-2)/5) is divided by t?
6
What is the remainder when (6/(-4))/(12/(-184)) is divided by 8?
7
Let a(j) = -2*j**3 + 8*j**2 + 11*j + 4. Let g(v) = v**3 - 4*v**2 - 6*v - 2. Let o(x) = 2*a(x) + 5*g(x). Calculate the remainder when o(6) is divided by 12.
10
Let b = 10 + 5. Suppose -4*p - 11 + 27 = 0. Calculate the remainder when b is divided by p.
3
Let f = 251 - 68. Calculate the remainder when f is divided by 46.
45
Suppose -5*w - f = -118, 2*w - 3*f = 58 - 21. Calculate the remainder when 43 is divided by w.
20
Suppose 3*s + 68 = 368. Calculate the remainder when s is divided by 35.
30
Let n(t) = -t**2 + 7*t. Let f(x) = -2*x - 5. What is the remainder when f(-12) is divided by n(5)?
9
Suppose 5*z = q - 33, 12 + 138 = 4*q - 2*z. What is the remainder when 148 is divided by q?
34
What is the remainder when 18/3*42/9 is divided by 10?
8
Let t(w) = -w**3 + 5*w**2 - w - 1. Calculate the remainder when (-82)/(-4) + (-1)/2 is divided by t(4).
9
Let z = 28 - 70. Let c be (6/(-2))/(2/z). Let v = 115 - c. What is the remainder when v is divided by 18?
16
Suppose -2*a = -3*h - 11 - 7, 0 = -2*a + h + 18. Calculate the remainder when a is divided by 6.
3
Let c(v) = 3*v + 4. Let r be c(-2). Suppose -5*i + 54 = -3*n, 5*i + 0*n - 30 = -5*n. Let b = r + i. What is the remainder when 12 is divided by b?
5
Let z(n) = 2*n - 7. Let h be z(6). Suppose -h*f + 35 = -135. Suppose -3*o + o + f = 0. Calculate the remainder when 32 is divided by o.
15
Suppose -9 = 3*b - 18. What is the remainder when 14 is divided by b?
2
Suppose -2*a + 40 = 4*k - 3*a, 2*a = 2*k - 26. Calculate the remainder when 68*((-5)/10 + 1) is divided by k.
7
Suppose 5*l - 280 = -3*f, -2*l - 2*f = -124 + 12. What is the remainder when l is divided by 20?
16
Let n = -47 + 99. What is the remainder when n is divided by 0 + (19 - -3) - 4?
16
Let o = 62 + 9. What is the remainder when o is divided by 25?
21
Suppose -2*j = -0*j - 6. Let x = 21 - 10. What is the remainder when x is divided by j?
2
Let f = 59 + -1. Let a = f - -80. Calculate the remainder when (4/(-6))/((-4)/a) is divided by 13.
10
Let d = 67 + -41. Let s = d + -10. Calculate the remainder when s is divided by 1 + 9 + -3 + 1 + 1.
7
Suppose -3*k + 34 + 11 = -3*s, 60 = -3*s - 2*k. Calculate the remainder when 23 is divided by s*((-4)/3)/2.
11
Let x(i) be the first derivative of -i**4/4 + 2*i**3 - 5*i**2/2 - 3*i - 4. What is the remainder when 15 is divided by x(4)?
6
Let u(x) = 2*x - 9. Calculate the remainder when u(14) is divided by -1 - (-2*4)/1.
5
Suppose 5*f = -2*n + 8, -3*n - 43 = -8*n - f. Suppose -2*k + n - 3 = 0. Suppose 0 = -k*m + 52 - 4. What is the remainder when m is divided by 9?
7
Let q = 41 - 19. Calculate the remainder when (16*6/12)/(3/24) is divided by q.
20
Suppose -2*k + 5 - 17 = 5*j, -3*k = 4*j + 4. Suppose -k*b - b = -185. What is the remainder when b is divided by 13?
11
Suppose -3*b + 20 = -190. Calculate the remainder when b is divided by 18.
16
Let c be (198/(-12))/((-1)/2). Let p = c - 20. What is the remainder when 294/8 + (-1)/(-4) is divided by p?
11
What is the remainder when (-6)/(-4)*((2 - -2) + 32) is divided by 14?
12
Suppose 4*w = 5*w - 4. Calculate the remainder when 13 is divided by w.
1
Suppose -4*m = -2*s - 44, 4*s = m + 2 - 13. What is the remainder when 42 is divided by m?
9
Let o = -90 + 144. Calculate the remainder when 160 is divided by o.
52
Let t(s) = s**3 + s**2 - 2*s - 3. Let q = -8 + 12. Let m(u) = u**2 - u + 2. What is the remainder when t(3) is divided by m(q)?
13
Let b = 13 - 10. What is the remainder when 54 is divided by 42/(b + (-9)/6)?
26
Suppose -18*x = -25*x + 455. What is the remainder when x is divided by 23?
19
Suppose 16 = 2*s + 2*s. Suppose 12 = s*v - 28. Let j(k) = k**2 - 8*k - 4. Calculate the remainder when j(11) is divided by v.
9
Let c = 8 + -5. Calculate the remainder when c is divided by 3.
0
Let b = 105 - 36. Calculate the remainder when b is divided by (-5 - -3)*1 - -12.
9
Let g = 21 + -4. What is the remainder when 47 is divided by g?
13
Let a(k) = 2*k**2 - 12*k + 2. What is the remainder when a(8) is divided by 18?
16
Let u = 7 - 12. What is the remainder when (2/u)/(7/(-630)) is divided by 13?
10
Suppose -4*s + 4*c + 4 = 0, 2*s - 14 = -3*s + 2*c. Calculate the remainder when (-100)/(-7) + (-2)/7 is divided by s.
2
Let o(j) = j**3 + j**2 + j + 60. Let b be o(0). Suppose -s = -6*s + b. What is the remainder when 35 is divided by s?
11
Let q = 4 + 1. Suppose -2*f - 1 = u - 10, q*f - 50 = 3*u. What is the remainder when 11 is divided by f?
4
Let d(n) = -n**3 - 8*n**2 - 10*n - 6. Let k be d(-6). Let z = k + 32. Calculate the remainder when -40*(-1 - 0/(-1)) is divided by z.
12
Let a = 8 - 5. Let w be (4/8 - 0)*0. Let d(z) = -z + 3. What is the remainder when a is divided by d(w)?
0
Suppose -3*r = -2*r - 64. Let f = r - 38. What is the remainder when f is divided by 9?
8
Let w(r) = -65*r - 4. Let o be w(-4). Suppose 3*u - o = -82. Calculate the remainder when u is divided by 30.
28
Suppose 4*d - 2*i - 44 = 0, 0 = 2*d - 6*i + 2*i - 28. Calculate the remainder when 19 is divided by d.
9
What is the remainder when (2 + 27/(-3))*-2 is divided by -2 + -1 - (-8)/1?
4
Suppose -3*r + 50 = 14. Calculate the remainder when 17 is divided by ((-6)/r)/(1/(-10)).
2
Suppose -y = -3, -2*y - 39 = -6*r + 3*r. Calculate the remainder when r is divided by 16*1/6*3.
7
Let g = -56 - -120. Calculate the remainder when g is divided by 18.
10
Suppose -a = u - 8 - 14, -12 = -4*a. Suppose 0*o - 2*o = v - u, -2*o = 0. What is the remainder when v is divided by 10?
9
Let a = -1 - -4. What is the remainder when a is divided by 2?
1
Suppose -2*n - n = 0. Suppose 2*v + 0*v + w - 25 = n, -3*v - 3*w = -36. Suppose -s + 43 = v. Calculate the remainder when s is divided by 16.
14
Let s(w) = -2*w**2 + 7*w - 10. Let i be s(6). Let x = 67 + i. Calculate the remainder when x is divided by 15.
12
Let i(h) = h**3 + 11*h**2 + 7*h - 13. Suppose 0 = -c - 0*x + x - 9, x + 31 = -3*c. What is the remainder when i(c) is divided by ((-6)/(-4))/((-2)/(-12))?
8
Let i(m) = 2*m**3 + m**2 - m**3 + m**3 - 9*m**3 + 1 + m. Let r = 30 + -8. What is the remainder when r is divided by i(-1)?
6
Suppose 5*q - 30 = 55. Suppose 2*z + 12 = -z - 3*g, 0 = 5*z + 3*g + 18. Let x(h) = -10*h + 2. Calculate the remainder when x(z) is divided by q.
15
Let q(k) = 10*k. Let r be q(-2). Let z = r + 34. What is the remainder when 27 is divided by z?
13
Suppose -x - 5*o = 0, 0*x = -4*x - 2*o + 18. Let l = -4 + x. What is the remainder when 3 is divided by l?
0
Let u(h) = -18*h - 24. What is the remainder when u(-9) is divided by 47?
44
Suppose s + 4*k + 64 = 5*s, -3*s + 34 = 4*k. Let n be (20/(-2))/(2/5). Let r = 1 - n. What is the remainder when r is divided by s?
12
Let l = -4 + 4. Let j be (-2 - (-2 + l)) + -2. What is the remainder when (-4)/j*39/6 is divided by 7?
6
Let q = -97 + 164. What is the remainder when q is divided by 23?
21
Suppose 0 = 4*w - 3*w. Suppose w = m + m - 8. Calculate the remainder when 11 is divided by m.
3
Let b = 18 - 41. Let j = b - -40. What is the remainder when j is divided by 9?
8
Let n be 